se 3*f - 12*f + 684 = 0. List the prime factors of f.
2, 19
Suppose 3*v = -2*v + 15. Suppose 0 = -r - v*w + 6, w = 2. List the prime factors of 3*(33/9 + r).
11
Suppose 4*r - 40 = 108. List the prime factors of r.
37
Let k(g) = 2*g - 1. Let s be k(-2). What are the prime factors of ((-18)/s)/((-12)/(-40))?
2, 3
Let b(k) = k. Let s be b(4). Suppose -2*m = 5*h + 9, s*h + 0*h - 4 = -3*m. What are the prime factors of m?
2
Suppose o = 4*a + 11, -a - 2*a + 2*o - 2 = 0. Let t be a/(-7)*(-7)/(-2). Suppose 5*z - 3*d - 10 = -1, 4*z - 16 = -t*d. What are the prime factors of z?
3
Suppose 4*m - 4*c = 24, 2*m + 0*m - c = 12. Suppose -5*f + 15 = -4*z, 0 = 2*f - 0*f + z - m. Suppose -f*n + 10 = -2*n. List the prime factors of n.
2, 5
Let f = -95 + 238. What are the prime factors of f?
11, 13
Let o be (15/20)/(2/(-56)). List the prime factors of (o/(-12))/(2/16).
2, 7
Let q be 4/6 - (-184)/12. Suppose -5*s - q + 161 = 0. List the prime factors of s.
29
List the prime factors of (12/(-20))/((-1)/245).
3, 7
Let f = 83 - -19. What are the prime factors of f?
2, 3, 17
Suppose 2*p + 0*p = -12. Let s be (16/p)/((-1)/3). What are the prime factors of (-3)/(-12) - (-14)/s?
2
Suppose -3*b + i = -535, 2*b = -3*b + 5*i + 875. What are the prime factors of b?
2, 3, 5
Suppose 5 = 2*s + 3*s. Let i = s - 2. What are the prime factors of (-6)/(i - (-2 + 3))?
3
Suppose 48 - 13 = 5*c. Let q be c - 4/(0 + 2). Suppose -2*m + 7 = -p - 5, q*p + 24 = 4*m. List the prime factors of m.
2, 3
Let n(u) = 39*u**2 - u - 3. What are the prime factors of n(2)?
151
Let a(g) = 3*g. Let x = 1 + -3. Let w be a(x). Let u(k) = -k**3 - 7*k**2 - 8*k - 4. What are the prime factors of u(w)?
2
Let y be (-1)/(-2)*(11 - 5). Suppose 0 = -v - y*v - 20. Let a(r) = -r**2 - 5*r + 6. What are the prime factors of a(v)?
2, 3
Let v = 90 - -14. What are the prime factors of v?
2, 13
Let l = 49 + -73. What are the prime factors of ((-56)/24)/(2/l)?
2, 7
Suppose -16 = -4*v + 96. Suppose -2 = -3*m + v. List the prime factors of m.
2, 5
Let s = 3 + -1. Let y(m) = -7*m - 2. Let z be y(1). What are the prime factors of ((z - -1) + s)/(-1)?
2, 3
Suppose -g - 3*g + 1144 = 0. Let s be 0 + (-2 - -3) - g. What are the prime factors of s/(-10)*2/3?
19
Suppose 0 = -11*g - 245 + 1213. What are the prime factors of g?
2, 11
Let s(l) = -l**3 - 8*l**2 - 12*l + 2. Let i be s(-6). Suppose -i*h + 17 = -15. What are the prime factors of h?
2
Let g = 11 - 7. Let d(u) = -u**2 + 6*u + 2. Let k be d(6). Suppose 12 = k*s + g. List the prime factors of s.
2
Suppose -33 = -6*s + 5*s. List the prime factors of s.
3, 11
Let m be ((-4)/(-2) - -13)/(-1). Suppose 2*x + 40 = -3*x. Let w = x - m. What are the prime factors of w?
7
What are the prime factors of (-834)/(-21) - 2/(-7)?
2, 5
Let o = 5 - 5. Suppose -3*u + o = -6. List the prime factors of (-291)/(-33) + u/11.
3
Suppose -3*n = 3*o, -4*o + 3 = -n - 2. What are the prime factors of (o - 51)/((-2)/1)?
5
Let a = 10 - 10. Suppose -3*w = -5*w + 8. Suppose a = -3*p - 3*n - 0*n - 6, -4*n - 24 = -w*p. What are the prime factors of p?
2
Let t be 2/(2/152*2). What are the prime factors of t/18 - 4/18?
2
Suppose -5*t + 44 = k, -2*t = -5*k + 3*t + 70. Suppose f - 66 = -f. Let u = f - k. What are the prime factors of u?
2, 7
Suppose -7 = -2*a + 5. Suppose -m + 25 = -a*m. Let g = m - -8. What are the prime factors of g?
3
What are the prime factors of (-3)/(-15) + 478/10?
2, 3
Suppose -c + 4*c - 216 = 0. List the prime factors of c.
2, 3
Suppose 0 = i - 6 + 4. Suppose 0*u = -2*u, -3*p - 3 = -i*u. List the prime factors of (1 - p)/((-2)/(-6)).
2, 3
Suppose 4 = -3*k - 5*n, 3*k - 4*n + 12 = -7*n. Let a be (0 - -8) + k/(-4). What are the prime factors of ((-16)/a)/(-4)*10?
2
Let l(j) be the first derivative of j**2/2 + 12*j + 1. Let h be l(-10). Suppose -4*u - h*b + 26 = 0, 3*u - 3*b + 7 = u. List the prime factors of u.
2
Let h(t) be the first derivative of 4*t**3/3 + t**2 - t + 3. List the prime factors of h(1).
5
Let a be (8/(-24))/(1/(-6)). Let w be (1 - a)/(4/(-20)). Suppose 4*f - 28 = -w*g - 0*f, -4*g + 17 = 5*f. List the prime factors of g.
2
Suppose -i + 9 = -2*u - 26, 220 = 5*i + 5*u. Let n = -27 + i. What are the prime factors of n?
2, 7
Let h be ((-68)/(-8))/(1/2). List the prime factors of (-4 - h)*4/(-6).
2, 7
List the prime factors of 2/9 - 890/(-45).
2, 5
Let d(m) = 6*m**2 + 2*m - 2. Let g be d(1). Suppose -3*p = -9, -2*z + 4*p = 2 + g. List the prime factors of z.
2
Suppose 0 = 3*x + 83 + 10. Let k = -14 - x. What are the prime factors of k?
17
Suppose -4 = -2*l + 2. Suppose -m - 4*m = -l*p - 90, 65 = 3*m - 4*p. List the prime factors of m.
3, 5
Suppose 3*l - 8 = -x + 14, -46 = -5*l + 3*x. Let i(z) = 2*z - 6. Let j be i(l). Let y = 17 - j. What are the prime factors of y?
7
Suppose -4*d + 0*d = -28. Let y(s) = -s + 7. Let n be y(4). Suppose -n*v = z - 40, -v - 3*z + 9 = -d. What are the prime factors of v?
13
Suppose 5*g + 8 = 6*g. What are the prime factors of g?
2
Let z(h) = -3*h - 4*h + 5*h + 5*h**2 + 1. Let g be z(-2). Let u = g + -15. What are the prime factors of u?
2, 5
Let g(a) = -9*a - 1. Let t be g(3). Let l = 46 + t. What are the prime factors of 122/l - 2/(-9)?
7
Let c be ((-6)/(-4))/(1/4). Let p = -17 + 28. Let x = p - c. What are the prime factors of x?
5
Suppose 4*n + 0*n - 140 = 0. What are the prime factors of n?
5, 7
Let q = 288 - 102. What are the prime factors of q?
2, 3, 31
Suppose -34*v + 40*v = 1464. List the prime factors of v.
2, 61
Let y(i) = -i**3 + i**2 + i + 27. Let s be y(0). Let n be (2/(-4))/((-2)/(-36)). List the prime factors of 2/n - (-141)/s.
5
Suppose -k + 5*k - 188 = 0. List the prime factors of k.
47
Let x be (-2)/(-10) - (-31)/(-5). Let m be x*6/(2*-1). Suppose 3*f = s + f, 4*s - 2*f - m = 0. List the prime factors of s.
2, 3
Let y(j) = 9*j**2 - 3*j - 1. Let k(i) = -26*i**2 + 8*i + 2. Let m(u) = -3*k(u) - 8*y(u). List the prime factors of m(2).
2, 13
Let o(v) = -2*v**3 - 11*v**2 + 12*v - 24. Let s(p) = p**3 + 5*p**2 - 6*p + 12. Let d(y) = 3*o(y) + 5*s(y). List the prime factors of d(-9).
3, 5
Suppose 4*y - 1342 = -3*m, -15*m = y - 10*m - 344. List the prime factors of y.
2, 167
Let g = -4 - 0. Let t = g + 4. Suppose 2 = w - 2*l - t, -l = -w + 3. List the prime factors of w.
2
Let t = -15 - -27. Let m(q) = -q**2 + 11*q + 16. What are the prime factors of m(t)?
2
Let d(w) = -23*w + 1. Let k(o) = o**2 - 9*o + 7. Let n be k(8). Let q be d(n). Let r = q - 17. What are the prime factors of r?
7
Let j = -36 + 52. Suppose -3*c + 52 = j. Suppose 2*s - s - c = 0. List the prime factors of s.
2, 3
Let g(m) = -m**2 + 4. Let d be g(0). Suppose -3*w = -d*w + 11. What are the prime factors of w?
11
Suppose -15 = q - 2*k, 3*q + 5*k = -6 - 6. Let v(d) = -2*d - 10. What are the prime factors of v(q)?
2
Suppose 4*a = 10 + 154. What are the prime factors of a?
41
Let d(t) = -1. Let c(i) = 2*i + 3. Let w(o) = -3*c(o) - 6*d(o). What are the prime factors of w(-2)?
3
Let b = 27 + -47. Let z = b + 30. List the prime factors of z.
2, 5
Let p be (-1)/(-2)*(-40)/(-1). Let u = p - 8. List the prime factors of u.
2, 3
Let c(g) = -g**2 - 10*g - 6. Let i be c(-4). Let f(k) = -3 - 6*k**2 + 2 + i*k**2. List the prime factors of f(1).
11
Suppose -2*h + 8 = -4. Let k(d) = -d**2 - 2*d. Let v(p) = -p**2 - p + 1. Let m(a) = h*k(a) - 7*v(a). List the prime factors of m(7).
7
Suppose -8*z + 124 = -4*z. What are the prime factors of z?
31
Suppose 4 = 4*m, 4*m - 1577 = -3*n - 391. List the prime factors of n.
2, 197
Let g(z) = -z + 17. What are the prime factors of g(-8)?
5
Let p(v) = 2*v**2 - v - 2. Let r be p(-2). Suppose 22 + r = 3*i. List the prime factors of i.
2, 5
Let q be ((-4)/(-2) - 0) + -22. Let i = q + 75. Suppose -6*j = -j - i. What are the prime factors of j?
11
Let n(o) = o**3 + 7*o**2 - 4*o + 4. Suppose 0 = -2*f + 6*f + 28. List the prime factors of n(f).
2
Suppose -30 - 20 = -2*m. Let c be 111/(-2)*8/(-12). Let x = c - m. List the prime factors of x.
2, 3
Suppose 12*c - 1338 = -390. What are the prime factors of c?
79
Suppose -5*x + 10 = 0, 2*l = -0*x - 2*x + 28. What are the prime factors of l?
2, 3
Let f(n) = 19 - 26 + 14 + 2*n**2 - 8*n. List the prime factors of f(6).
31
Let a be 14*(-3)/(-12)*2. Suppose 0*w + 2*v + 12 = 3*w, -5*v = 15. Suppose w*x - 5*k + a = 0, 